z = 4*o + g. Let b(t) = -13*t + 1 + 13*t + t**3 - t**2. Give b(z).
5
Let t = 877/375 - 2/375. Let z(h) be the first derivative of -t*h**3 + 5 - 3*h**2 - h - 1/4*h**4. Give z(-6).
-1
Let r = 58 + -61. Let t(v) be the second derivative of v**2 + 2/3*v**3 - v + 0 - 1/6*v**4 - 1/20*v**5. What is t(r)?
-1
Let a(r) = -3*r**2 - 2*r + 4. Let h(z) = 4*z**2 + 3*z - 5. Let g(l) = -7*a(l) - 5*h(l). Give g(-3).
9
Suppose 8*s + 20 = -2*s. Let z(y) = -2*y - 3. What is z(s)?
1
Let s(k) be the second derivative of 0 - 3/5*k**5 + 9*k + 0*k**2 + 1/12*k**4 - 1/6*k**3. Calculate s(1).
-12
Let s(t) = -t + 8. Let p(i) = i - 9. Let j be (-90)/(-15)*1/1. Let r(h) = j*s(h) + 5*p(h). Let d be 0/(6 + 0 - 3). Calculate r(d).
3
Let n(z) be the second derivative of -z**3/6 - 11*z**2/2 + 3*z + 5. What is n(-9)?
-2
Let u(x) = x. Suppose 7 + 4 = -2*g - t, 0 = -3*t + 15. Let l = g + 10. Suppose -39 = 4*c - 5*f - 0*f, 0 = l*c - 2*f + 18. Give u(c).
-6
Let n be (2/6)/(4/36). Let i = 6 + -7. Let s = i - n. Let r(b) = -2*b + 1. What is r(s)?
9
Suppose -19 = -14*l + 9. Let y(t) = -16*t + t - 2 + 10*t - t**3 - 2*t**l + 7*t. Determine y(-3).
1
Let k(t) = 2 + 0*t + 0*t**2 + t**2 + 2*t. Let r(n) = -6*n**2 + 14*n + 10. Let a be r(3). Give k(a).
2
Let k(c) = -5*c**2 + 3. Let y(r) = 9*r**2 + r - 6. Let h(t) = 11*k(t) + 6*y(t). Let o(l) = l**3 + 8*l**2 + 8*l + 14. Let v be o(-7). What is h(v)?
-10
Let f(t) = -t - 4. Let k be f(0). Let a(r) = -r**2 + r + 11. Let q(h) = 2*h**2 - 3*h - 17. Let n(c) = a(c) + q(c). Calculate n(k).
18
Let a(c) = -c**2 - 2*c + 6. Let b(u) = 2*u**2 - 4*u - 21. Let h be b(5). Suppose -h*i + 6*i = 18. Give a(i).
-18
Let u(f) = -7*f**3 - 6*f**2 - f + 1. Let s(n) = 8*n**3 + 7*n**2 + n. Let p(z) = -6*s(z) - 7*u(z). Calculate p(0).
-7
Suppose -3*a - l = -9, 16 = 4*a + l + 4. Let i(t) = t**2 - 2*t - 4. What is i(a)?
-1
Let j(y) = -2*y - 20. Let o be j(-8). Let w(x) = 2*x - x**3 - 2 - 3*x**2 + 2 - 2*x**2 + 3. Determine w(o).
-21
Let j be 3/(1 - 4)*-3. Suppose 4*i = 3*i, 5*i + 9 = j*m. Let n(g) = g**3 - 5*g**2 + 4*g - 4. Give n(m).
-10
Let c(s) be the third derivative of -s**5/60 + 3*s**4/4 - 7*s**3/3 - 148*s**2. Determine c(18).
-14
Let a(x) be the third derivative of -x**5/60 - 5*x**4/24 + 11*x**3/3 - 11*x**2 - 10. What is a(-8)?
-2
Let a(d) = d**2 + 4*d - 5. Let s(q) = -15 - 6 + 17*q + 5*q**2 + 0. Let w(n) = 9*a(n) - 2*s(n). Suppose -3*u = 9, 3*l - 6*l - 5*u - 6 = 0. Determine w(l).
-6
Let y(q) = 3*q + 3. Let n = -6 - -3. Suppose 2*h = -4*k, h + 7 = 3*k - 3. Let z be (n - -4)/((-1)/k). What is y(z)?
-3
Let a(h) be the first derivative of -h**4/4 + 3*h**3 - 6*h - 126. Determine a(9).
-6
Let j(p) = 25*p**2 + 4*p + 5. Let w(g) = g**2 + g + 3. Let z(a) = j(a) - 2*w(a). Suppose 2 - 9 = -7*f. Calculate z(f).
24
Let p(q) be the first derivative of q**6/120 + q**5/12 + q**4/6 + q**3/6 - 9*q**2 - 18. Let w(o) be the second derivative of p(o). What is w(-4)?
1
Let l(v) = 2*v - 7. Suppose 3*o = 6 + 3. Suppose o*c - 15 = 6*c. Let a be 10/8*(-1 - c). Give l(a).
3
Let u(b) = b**3 + 6*b**2 - 5*b + 10. Suppose -85 = -2*j + 5*o, -4*o + 125 = 4*j + o. Suppose -4*y - y = j. Let n be u(y). Let r(m) = -4*m - 6. Give r(n).
10
Let l(u) = -6*u + 7. Let j be l(2). Let p(y) = -4*y - 1. Let k be p(-1). Let a(q) = 1 - 5 - 2 - k*q. Calculate a(j).
9
Let d(b) = b**3 - b**2 + b + 4. Suppose -g = -2*f, 4*g = 7*g + 5*f. What is d(g)?
4
Let b(a) = -a**3 - 5*a**2 - 2*a + 1. Let z be b(-5). Let t = 225 + -160. Let k be (-1 + z)*26/t. Let n(p) = -2*p**2 + 6*p - 1. Determine n(k).
-9
Let v(q) = -q**2 - 2. Let y(r) = r**3 - 4*r**2 - r - 1. Let k be y(4). What is v(k)?
-27
Suppose -p - 122*d + 117*d = -17, 4*p = d + 47. Let h(u) = -5*u + 54. Calculate h(p).
-6
Let w(v) be the third derivative of -v**5/60 + 5*v**4/24 + 7*v**3/6 + 96*v**2 + 4. Calculate w(5).
7
Let d(r) be the second derivative of r**4/2 + r**3/2 + r**2/2 + r - 5. Determine d(-2).
19
Suppose 3*p - 3*c - 21 = 0, -2*p - 2*c + 4 = 2*p. Let b(z) be the second derivative of -2*z - 1/20*z**5 - 1/2*z**2 + 0 + 1/4*z**4 - 1/3*z**3. Calculate b(p).
-7
Suppose -69*v = -68*v - 1. Let f(w) = 2*w - 1. Give f(v).
1
Let u(n) be the third derivative of n**5/20 + n**3/2 + 189*n**2. What is u(2)?
15
Let q(r) be the first derivative of 0*r**3 + 0*r + 7/120*r**6 + 0*r**5 + 2 - 3*r**2 + 0*r**4. Let l(z) be the second derivative of q(z). Calculate l(1).
7
Let x(m) = 2*m + 5. Suppose 0 = -3*a - 2*a - 20. Let s be x(a). Let u be 16/12*s/(-2). Let k(g) = -2*g**3 + g**2 + 2*g - 3. Calculate k(u).
-11
Suppose -4 = -4*o - 4*n, 4*o - 3*o + 8 = 2*n. Let x(m) = m**3. Calculate x(o).
-8
Suppose -1 = 3*j - 7. Let d(y) = 0*y**j + 2*y - 27*y**3 - 2*y**2 - 3*y**2 + 28*y**3 + 2. Give d(2).
-6
Let p = 2 + 3. Let f = -11 + p. Let c = f - 0. Let w(k) = 2*k + 8. Calculate w(c).
-4
Let y be 0/(1 + 2) + 3. Suppose 0 = -3*n + 5*f - 2*f, -y*f - 24 = 5*n. Let a(p) = 2*p - 2*p - 4 - p. Determine a(n).
-1
Let p(s) = 2*s + 2 - 2*s**2 + 3*s**2 - s. Let i be p(0). Let r(k) = -k**2 + k**2 - 3*k + 0*k**2 - k**i + 1. What is r(-6)?
-17
Let g(f) = -f**3 + 8*f**2 - 8*f + 11. Let x be g(7). Let p be -21*(x/12)/1. Let h(w) = -w**3 - 6*w**2 + 7*w - 2. Determine h(p).
-2
Suppose -7 - 5 = -4*m. Suppose -12 = 4*l - j, m*l - 2*j + j = -8. Let n(d) = -d**2 - 2*d + 3. Calculate n(l).
-5
Suppose -t - d - 2*d - 1 = 0, -6 = -4*t - 2*d. Let m(g) be the third derivative of g**2 + 0*g + 1/12*g**4 + 0 + 1/3*g**3. Determine m(t).
6
Suppose 2*t + 0*t = 4*n + 18, 0 = -5*n + t - 24. Let m(x) = x**3 + 6*x - 6*x + 5*x**2 + x + 5 + 2*x. Give m(n).
-10
Let w(k) be the third derivative of -k**4/6 + 3*k**3/2 + 10*k**2 - 3. Give w(-8).
41
Let p = 46 - 37. Let x(n) = 3 + n - 2*n + 10 - p. Let z(a) = -a. Let f be z(-6). Calculate x(f).
-2
Let h(r) = 34*r**3 - r**2 - 2*r - 1. Suppose 2*f - 3*j + 14 = 0, -4*f + 2*j - 8 = 4. Calculate h(f).
-34
Suppose -3*m + 0*m = 4*w - 28, -3*w = -2*m + 13. Let b(t) be the first derivative of t**3/3 - 5*t**2/2 - 8*t + 19. Determine b(m).
16
Suppose 4*w = -2*b + 19 - 9, -2*b + 10 = w. Let m(l) = -l**3 + 8*l**2 - 5*l + 4. Calculate m(b).
54
Let g(d) = -d - 6. Let z = 12 + -12. Let u(i) = -i**3 + i**2 + 2*i - 7. Let o be u(z). Give g(o).
1
Let d(y) be the first derivative of y**5/60 + y**4/4 + 5*y**3/6 + 3*y**2/2 + 11. Let q(u) be the second derivative of d(u). Determine q(-7).
12
Let i(q) = 11*q - 37. Suppose 0 = 6*x + 33*x - 117. Give i(x).
-4
Let h(t) be the second derivative of -t**4/12 - t**3/2 - t**2 - 492*t. Suppose 5*p - 5*a - 2 = -17, 3*p + 9 = -2*a. Determine h(p).
-2
Let t be (-2)/3 - 147/63. Let y(r) = -r**2 - 10*r - 4. Let o(p) = p**2 + 11*p + 4. Let b(c) = t*o(c) - 4*y(c). Give b(-6).
-2
Let r(j) = -j**2 + 5*j + 28. Suppose -87*d + 567 = -216. Calculate r(d).
-8
Let a be 44/7 + 12/(-42). Suppose 5*n = 7 + 3. Let j(v) = v + 4 + n - 2. Give j(a).
10
Let r(o) = o - 2. Suppose 4*z - z = 582. Let m be (-10)/(-55) - z/(-22). What is r(m)?
7
Let v(g) be the third derivative of -g**5/60 + 5*g**4/6 - 9*g**3/2 - 47*g**2 + 2*g. What is v(18)?
9
Suppose -21 = -r - 6*r. Let x(w) = 2*w - 2*w - 3*w**2 + r*w + w**2. Determine x(2).
-2
Let m be -3*((-68)/48 - 1/4). Suppose -c = -m*b + 29, 3*c - 17 = c - 5*b. Let g(q) = -q - 5. Determine g(c).
-1
Let u be (-160)/26 + (-2)/(-13). Let c(z) = z**3 + z**2 - 10*z - 6. Let y(n) = -2*n**3 - 3*n**2 + 19*n + 12. Let t(o) = 7*c(o) + 4*y(o). Give t(u).
6
Let s(h) = -2*h - 12. Let d be s(-8). Let n(i) = -2*i - 21 + 22 - d*i**2 + 2*i**2. Calculate n(-2).
-3
Let j = 9 - 5. Let b be 3/4*(-16)/j. Let u(o) = -o + 39*o**2 + 2*o - 38*o**2. Calculate u(b).
6
Let k(c) = -c**3 + 8*c + 3. Let l be k(-3). Let b(a) = -a**3 + 7*a**2 + 3. Let m be b(7). Let t(v) = 4*v**2 + 1 - 3*v**2 + l*v**2 + 2*v + m*v**2. Give t(-1).
9
Let k = 9 - 13. Let q be 112/21 - k/6. Let p(h) = h - 6. Let i be p(q). Let g(b) = b + 6. Determine g(i).
6
Let g = 21 - 18. Let h(i) = 45*i**3 - 5*i + 2*i**2 - 20*i**3 - 24*i**3 - g. What is h(-3)?
3
Let z(i) = -7*i**2 - i + 2. Suppose -140*n + 8 = -132*n. Determine z(n).
-6
Suppose 2*x - 5*x + 8 = -5*v, -v + 8 = x. Let w(n) = n. Let s be w(x). Let q(l) = -7*l + 0*l + 5*l**2 + 0*l - l**3 + s + 2*l. Determine q(4).
2
Let k = 107 + -101. Let y(a) = -a**3 + a + 3*a**2 + 25 + 3*a**2 - 29. Determine y(k).
2
Let q(y) = 2*y + 3. Let j(o) = 4*o + 7. Let n be (-2)/4